-9 - -2. Let c be z(a). What is the highest common factor of c and 35?
5
Let m(b) = -866*b + 398. Let a be m(-1). Calculate the greatest common factor of a and 1106.
158
Let i = 2572 + -1090. Calculate the greatest common divisor of i and 78.
78
Let y be ((-87)/(-3))/1 - -1. Let l be y - (-5)/((-15)/9). Let a be 42/(-56) - 150/(-8). What is the highest common divisor of l and a?
9
Suppose 0 = -v + 2*m + 627, -2000 = -2*v - 2*m - 716. Let w(b) = 49*b**2. Let q be w(-1). Calculate the greatest common factor of q and v.
49
Let s(m) = m**3 + 9*m**2 - 69*m - 601. Let k be s(-9). Calculate the greatest common factor of k and 125.
5
Let s = 20 - 11. Let t(l) = -3*l + 75. Let z be t(25). Suppose 32*q - 22*q - 90 = z. What is the highest common factor of s and q?
9
Let p(r) = -40*r**3 + 2*r**2 + 7*r + 6. Let z(y) = -2*y - 68. Let n be z(-33). Let l be p(n). What is the highest common factor of 20 and l?
20
Let x = -31332 - -41327. Calculate the greatest common divisor of x and 5.
5
Let y be (-1 + -14)*(-3)/9*1. Suppose 2 = -s + 2*s - p, 5*s + y*p + 10 = 0. Let d be ((-2)/5)/(s - 3/45). What is the greatest common divisor of d and 6?
6
Let y = -6 - -116. Suppose -2720 = 23*c - 91*c. Calculate the highest common factor of y and c.
10
Let m be 15*(2483/65 + -11). What is the greatest common divisor of 12 and m?
12
Let n = 42139 - 2367. Calculate the highest common factor of n and 244.
244
Let m = -4750 - -4795. Calculate the highest common factor of m and 330.
15
Let x = -1738 - -2544. Suppose -4*v = 3*m - x + 49, 3*v - 571 = m. What is the greatest common divisor of v and 10?
10
Suppose -5*l - 2*v = -l - 134, 129 = 4*l + v. Suppose 0 = -l*x + 25*x + 144. Let q(a) = -24*a. Let c be q(-2). Calculate the highest common divisor of x and c.
24
Suppose 4*c + 5*l = 30, 40 - 24 = 4*c - 2*l. Suppose k = c*x + 35, -39*x + 117 = 4*k - 36*x. Let b = -8 + 28. What is the greatest common factor of k and b?
10
Suppose a + c = 1595, 3*a + 566 = c + 5343. Let u = a + -1575. Suppose -647 = -4*m + p, -161 = -m + 2*p - 1. Calculate the greatest common factor of m and u.
18
Let h be 21/(-28)*12 - (5 - 19257/7). What is the greatest common factor of 1288 and h?
161
Let q(p) = -2*p**2 + 26*p + 43. Let s(v) = -v**2 + 12*v + 23. Let g(w) = -3*q(w) + 7*s(w). Let t be g(0). Calculate the greatest common divisor of t and 112.
16
Let y(l) = l**2 + l + 1. Let t(c) = -c**2 + 6*c - 89. Let g(i) = t(i) + 4*y(i). Let b be g(9). What is the greatest common divisor of 31 and b?
31
Let s = 1052 + -531. Let z = -193 + 252. Suppose -z + s = 3*h. Calculate the highest common divisor of h and 22.
22
Let f be (-122)/((9/42)/((-9)/(-12))). Let o = -213 - f. Suppose 5*a - a + 2*u - o = 0, -3*u - 165 = -3*a. What is the greatest common factor of a and 36?
18
Let a(x) = 159*x + 202. Let v be a(-1). Calculate the greatest common factor of 2107 and v.
43
Suppose -965*u = -933*u - 944096. Calculate the greatest common factor of u and 181.
181
Let h(m) = 4*m**2 - 34*m + 26. Let l be h(13). Let r = l - 228. What is the greatest common factor of r and 32?
32
Let q = 81 - 81. Let b be (q + 3)/((-3)/(-10)). Suppose -6 = -b*r + 7*r. What is the greatest common factor of r and 7?
1
Let s(r) = 58*r - 14. Let z be s(7). Suppose y = 3*y + z. Let j = 376 + y. Calculate the highest common divisor of 36 and j.
36
Suppose c = -3*r - 9, 2*r - 13 = -4*c + 21. What is the highest common divisor of c and 729?
3
Suppose 2*s - 585 - 183 = 2*f, -4*f = 0. Suppose s = 12*h - 6*h. Let t = -26 + 34. Calculate the highest common divisor of t and h.
8
Suppose -4*s + 1575 = -2001. Suppose 6*a - s = -54. Suppose a = r + 6*r. Calculate the greatest common factor of 12 and r.
4
Let t = -347 + 359. Let k(c) = c**2 - 18*c + 82. Let a be k(t). Let m be -1 + 1 - -2 - -68. What is the greatest common factor of a and m?
10
Let y(k) = -2*k + 4. Let n(j) = -2*j - 11. Let a be n(-8). Suppose -v + 4 = a. Let m be y(v). What is the highest common factor of 15 and m?
3
Suppose -14 = -c - 11. Suppose -c*j - 1276 = -397. Let s = j + 573. What is the highest common factor of s and 28?
28
Suppose -31*m = -26*m - 10. Let u = m - -121. Calculate the greatest common divisor of 164 and u.
41
Let t(k) = 2*k**2 + 22*k + 58. Let g be t(-9). Let f(y) = y**3 - 24*y**2 + 43*y + 28. Let n be f(g). What is the highest common factor of 5 and n?
1
Suppose 0 = 4*h + 760 + 16. Let a = h - -234. What is the highest common divisor of 8 and a?
8
Let g be (11 + 19)*6/5. Let k be g/(-63) - (104/14 - 0). Let h be 47/5 + k/20. Calculate the highest common divisor of 3 and h.
3
Let j(c) = 2*c**2 - 53*c + 327. Let h be j(32). What is the greatest common factor of h and 7?
7
Let w(a) = -a**3 - 10*a**2 + 9*a - 7. Let m be w(-11). Suppose 2*c - 337 = m. What is the highest common factor of 11 and c?
11
Let l(r) = 36*r - 822. Let a be l(66). What is the greatest common divisor of a and 56?
14
Let m be 4 - 3/(1 + (-16)/28). Let k be -2 + 6 + -3 - m. What is the greatest common divisor of 120 and k?
4
Let r(n) be the second derivative of -n**3/6 + 29*n**2/2 - 20*n. Let j be r(2). Calculate the highest common divisor of j and 99.
9
Let i = 4076 + -3964. Calculate the highest common factor of i and 420.
28
Suppose -2*b = 4*l - 5488, -5*l + 0*l + 2729 = b. What is the greatest common factor of 68 and b?
34
Suppose -2*t - 83 - 27 = 0. Let q(k) = -k**3 + 18*k**2 + 11*k - 8. Let z be q(19). Let m = t - z. What is the highest common divisor of m and 15?
15
Let n = 1 - 8. Let z(i) be the second derivative of -4*i**3/3 - 8*i**2 - 52*i. Let h be z(n). Calculate the highest common divisor of 8 and h.
8
Let w = 11768 - 11651. Calculate the highest common divisor of 3237 and w.
39
Let f(z) = z**2 + 5*z. Let h be f(-5). Let d = h + 18. Suppose -3*x + 429*q - 434*q = -526, 292 = 2*x - 4*q. Calculate the highest common divisor of d and x.
18
Let c(a) = -11*a**2 + 436*a - 64. Let r be c(39). What is the greatest common divisor of 121 and r?
11
Suppose -21*z = 2*z + 134*z - 528462. What is the greatest common divisor of z and 12?
6
Suppose o = -3*c + 13, c - 3*o - 56 + 25 = 0. Calculate the highest common factor of 10367 and c.
7
Suppose 0 = 7*j - 11*j + 60. Let c(q) = q**2 - 4*q + 6. Let g(v) = 5*v - 12. Let f be g(3). Let m be c(f). Calculate the greatest common factor of j and m.
3
Let x(p) = -59*p**2 + 45*p + 23. Let i(r) = 12*r**2 - 9*r - 5. Let y(f) = 11*i(f) + 2*x(f). Let u be y(-3). What is the greatest common factor of 18 and u?
18
Suppose 4*y + 8 + 0 = 0, -14 = h + 4*y. Let m be 3402/h*2/(-3 - 3). Calculate the greatest common divisor of 18 and m.
9
Suppose 531 = -1082*s + 1085*s. Let j(d) = -5*d**3 + 5*d - 2. Let v be j(-3). What is the highest common divisor of s and v?
59
Suppose -118 = 227*a - 228*a + 2*l, 4*a - 436 = 2*l. What is the greatest common divisor of a and 424?
106
Let x(o) = -o**3 + 16*o**2 - 28*o + 48. Let p be x(12). Suppose p + 328 = 28*d. What is the highest common divisor of d and 286?
22
Let h = -71 + 77. Suppose -5*n + 1 = -h*n - 4*l, 11 = 5*n + 4*l. Suppose r - 21 = 5*a, n*r - 30 = 2*a + 7. What is the greatest common divisor of 253 and r?
11
Suppose -2890*a = 5*x - 2894*a - 112, 0 = -x + 3*a + 18. Calculate the greatest common factor of x and 33816.
24
Let o be 39 - 1 - (-51)/(-17). Let a be o + (0 - ((-2 - 4) + 2)). What is the greatest common factor of 143 and a?
13
Suppose -n = -5*b + 202, 5*b + 483 = -3*n + 677. Let g(x) = 32*x**2 - 2*x. Let l be g(-4). Calculate the highest common divisor of l and b.
40
Let w = -2354 + 2393. What is the greatest common factor of 6357 and w?
39
Let t(s) = -770*s - 7. Let q(c) = 769*c + 6. Let v(x) = -4*q(x) - 3*t(x). Let z be v(-1). Let r = z + -543. What is the greatest common divisor of 20 and r?
20
Let w = 148 + -145. Suppose r - w = -0*r + 5*c, r = -c + 33. Suppose 2*g = 0, 5*g = 2*h - 170 - r. What is the highest common divisor of h and 9?
9
Let r be ((-3787)/(-21) + -15)/(8/12). Calculate the highest common divisor of 465 and r.
31
Suppose -13*b = 4*f - 12*b - 64046, -5*b - 64034 = -4*f. What is the greatest common factor of f and 27?
27
Let g(l) = -12*l**2 - 617*l - 346. Let c be g(-47). Calculate the highest common divisor of c and 440.
55
Suppose -4154 = -8*u - 14*u - 2922. What is the greatest common factor of